{"id":164,"date":"2017-11-08T01:38:09","date_gmt":"2017-11-08T01:38:09","guid":{"rendered":"http:\/\/www1.hcmpreu.edu.vn\/?page_id=164"},"modified":"2021-11-23T15:46:42","modified_gmt":"2021-11-23T08:46:42","slug":"phong-tai-vu","status":"publish","type":"page","link":"https:\/\/hcmpreu.edu.vn\/?page_id=164","title":{"rendered":"Ph\u00f2ng T\u00e0i v\u1ee5"},"content":{"rendered":"\n<p>Ph\u00f2ng T\u00e0i v\u1ee5<\/p>\n\n\n\n<p>V\u00e0o n\u0103m 1976, c\u00f9ng v\u1edbi s\u1ef1 th\u00e0nh l\u1eadp Tr\u01b0\u1eddng D\u1ef1 b\u1ecb \u0110\u1ea1i h\u1ecdc Ti\u1ec1n Giang, Ph\u00f2ng T\u00e0i v\u1ee5 c\u0169ng \u0111\u01b0\u1ee3c h\u00ecnh th\u00e0nh trong h\u1ec7 th\u1ed1ng c\u00e1c ph\u00f2ng, ban c\u1ee7a Tr\u01b0\u1eddng. L\u00fac n\u00e0y, Tr\u01b0\u1eddng c\u00f3 02 c\u01a1 s\u1edf: c\u01a1 s\u1edf I t\u1ea1i TP. HCM v\u00e0 c\u01a1 s\u1edf II t\u1ea1i t\u1ec9nh Ti\u1ec1n Giang. \u0110\u1ebfn n\u0103m 1982, Tr\u01b0\u1eddng D\u1ef1 b\u1ecb \u0110\u1ea1i h\u1ecdc Ti\u1ec1n Giang \u0111\u01b0\u1ee3c ch\u00ednh th\u1ee9c \u0111\u1ed5i t\u00ean th\u00e0nh Tr\u01b0\u1eddng D\u1ef1 b\u1ecb \u0111\u1ea1i h\u1ecdc Th\u00e0nh ph\u1ed1 H\u1ed3 Ch\u00ed Minh v\u00e0 \u0111\u1eb7t t\u1ea1i 91 Nguy\u1ec5n Ch\u00ed Thanh, Ph\u01b0\u1eddng 9, Qu\u1eadn 5, TP. H\u1ed3 Ch\u00ed Minh.<\/p>\n\n\n\n<p>Trong nh\u1eefng n\u0103m \u0111\u1ea7u, do ph\u1ea3i ph\u1ee5c v\u1ee5 s\u1ed1 l\u01b0\u1ee3ng Gi\u00e1o vi\u00ean, C\u00e1n b\u1ed9 \u2013 C\u00f4ng nh\u00e2n vi\u00ean v\u00e0 h\u1ecdc sinh \u0111\u00f4ng n\u00ean bi\u00ean ch\u1ebf ph\u00f2ng l\u00ean \u0111\u1ebfn 11 ng\u01b0\u1eddi (\u1edf 02 c\u01a1 s\u1edf). Qua 45 n\u0103m ho\u1ea1t \u0111\u1ed9ng, Tr\u01b0\u1eddng \u0111\u00e3 c\u00f3 nhi\u1ec1u thay \u0111\u1ed5i v\u00e0 ph\u00f2ng T\u00e0i v\u1ee5 c\u0169ng thay \u0111\u1ed5i theo. Hi\u1ec7n nay, ph\u00f2ng T\u00e0i v\u1ee5 ch\u1ec9 c\u00f3 03 ng\u01b0\u1eddi, \u0111\u1ec1u c\u00f3 tr\u00ecnh \u0111\u1ed9 \u0111\u1ea1i h\u1ecdc, c\u1ee5 th\u1ec3 nh\u01b0 sau:<\/p>\n\n\n\n<ul class=\"wp-block-list\"><li>B\u00e0 Hu\u1ef3nh Th\u1ecb Thanh Th\u1ee7y \u2013 Tr\u01b0\u1edfng ph\u00f2ng, K\u1ebf to\u00e1n tr\u01b0\u1edfng.<\/li><li>B\u00e0 Nguy\u1ec5n Th\u1ecb Ng\u1ecdc H\u1ed3ng \u2013 Th\u1ee7 qu\u1ef9.<\/li><li>B\u00e0 Th\u1ea1ch Th\u1ecb Tu La \u2013 K\u1ebf to\u00e1n.<\/li><\/ul>\n\n\n\n<div class=\"wp-block-image\"><figure class=\"aligncenter size-large\"><img loading=\"lazy\" decoding=\"async\" width=\"307\" height=\"362\" src=\"https:\/\/hcmpreu.edu.vn\/wp-content\/uploads\/2020\/03\/image1-1.jpeg\" alt=\"\" class=\"wp-image-2455\" srcset=\"https:\/\/hcmpreu.edu.vn\/wp-content\/uploads\/2020\/03\/image1-1.jpeg 307w, https:\/\/hcmpreu.edu.vn\/wp-content\/uploads\/2020\/03\/image1-1-254x300.jpeg 254w, https:\/\/hcmpreu.edu.vn\/wp-content\/uploads\/2020\/03\/image1-1-170x200.jpeg 170w, https:\/\/hcmpreu.edu.vn\/wp-content\/uploads\/2020\/03\/image1-1-127x150.jpeg 127w\" sizes=\"auto, (max-width: 307px) 100vw, 307px\" \/><figcaption>B\u00e0 Hu\u1ef3nh Th\u1ecb Thanh Th\u1ee7y &#8211; Tr\u01b0\u1edfng ph\u00f2ng<\/figcaption><\/figure><\/div>\n\n\n\n<p><strong>CH\u1ee8C N\u0102NG, NHI\u1ec6M V\u1ee4<\/strong><\/p>\n\n\n\n<p>Ph\u00f2ng T\u00e0i v\u1ee5 c\u00f3 ch\u1ee9c n\u0103ng gi\u00fap Hi\u1ec7u tr\u01b0\u1edfng qu\u1ea3n l\u00fd v\u1ec1 c\u00f4ng t\u00e1c t\u00e0i ch\u00ednh k\u1ebf to\u00e1n, to\u00e0n b\u1ed9 t\u00e0i s\u1ea3n, v\u1ed1n trong v\u00e0 ngo\u00e0i ng\u00e2n s\u00e1ch theo \u0111\u00fang ch\u1ebf \u0111\u1ed9, quy \u0111\u1ecbnh k\u1ebf to\u00e1n.<\/p>\n\n\n\n<p>Th\u1ef1c hi\u1ec7n qu\u1ea3n l\u00fd th\u1ed1ng nh\u1ea5t c\u00e1c kho\u1ea3n t\u00e0i ch\u00ednh. L\u1eadp K\u1ebf ho\u1ea1ch c\u00f4ng t\u00e1c n\u0103m v\u00e0 d\u1ef1 to\u00e1n thu, chi h\u00e0ng n\u0103m c\u1ee7a Tr\u01b0\u1eddng theo s\u1ef1 ch\u1ec9 \u0111\u1ea1o c\u1ee7a Hi\u1ec7u tr\u01b0\u1edfng.<\/p>\n\n\n\n<p>T\u1ed5 ch\u1ee9c th\u1ef1c hi\u1ec7n thu v\u00e0 chi c\u00e1c kho\u1ea3n trong v\u00e0 ngo\u00e0i kinh ph\u00ed \u0111\u01b0\u1ee3c c\u1ea5p. L\u1eadp quy\u1ebft to\u00e1n h\u00e0ng n\u0103m theo quy \u0111\u1ecbnh ch\u1ebf \u0111\u1ed9 k\u1ebf to\u00e1n t\u00e0i ch\u00ednh Nh\u00e0 n\u01b0\u1edbc. C\u00f4ng khai t\u00e0i ch\u00ednh theo quy \u0111\u1ecbnh hi\u1ec7n h\u00e0nh.<\/p>\n\n\n\n<p>T\u1ed5 ch\u1ee9c ki\u1ec3m tra vi\u1ec7c chi ti\u00eau c\u00e1c kho\u1ea3n ti\u1ec1n v\u1ed1n; ph\u1ed1i h\u1ee3p ki\u1ec3m k\u00ea, \u0111\u00e1nh gi\u00e1 t\u00e0i s\u1ea3n thi\u1ebft b\u1ecb \u0111\u1ecbnh k\u1ef3 theo quy \u0111\u1ecbnh.<\/p>\n\n\n\n<p>Theo d\u00f5i v\u00e0 th\u1ef1c hi\u1ec7n \u0111i\u1ec1u kho\u1ea3n kinh ph\u00ed trong c\u00e1c h\u1ee3p \u0111\u1ed3ng \u0111\u00e0o t\u1ea1o.<\/p>\n\n\n\n<p>B\u1ea3o qu\u1ea3n, l\u01b0u tr\u1eef ch\u1ee9ng t\u1eeb k\u1ebf to\u00e1n theo quy \u0111\u1ecbnh.<\/p>\n\n\n\n<p>Th\u1ef1c hi\u1ec7n c\u00e1c nhi\u1ec7m v\u1ee5 kh\u00e1c theo y\u00eau c\u1ea7u c\u1ee7a Hi\u1ec7u tr\u01b0\u1edfng.<\/p>\n\n\n\n<p>Ngu\u1ed3n t\u00e0i ch\u00ednh&nbsp; c\u1ee7a Tr\u01b0\u1eddng g\u1ed3m Ng\u00e2n s\u00e1ch Nh\u00e0 n\u01b0\u1edbc c\u1ea5p: kinh ph\u00ed t\u1ef1 ch\u1ee7, kinh ph\u00ed kh\u00f4ng t\u1ef1 ch\u1ee7 v\u00e0 Ngu\u1ed3n thu kh\u00e1c t\u1eeb c\u00e1c ho\u1ea1t \u0111\u1ed9ng gi\u1ea3ng d\u1ea1y Ti\u1ebfng Vi\u1ec7t, h\u1ec7 30a, luy\u1ec7n thi \u0111\u1ea1i h\u1ecdc, b\u1ed3i d\u01b0\u1ee1ng v\u0103n h\u00f3a, li\u00ean k\u1ebft \u0111\u00e0o t\u1ea1o v\u1edbi c\u00e1c Tr\u01b0\u1eddng \u0110\u1ea1i h\u1ecdc, Cao \u0111\u1eb3ng v\u00e0 thu t\u1eeb ho\u1ea1t \u0111\u1ed9ng d\u1ecbch v\u1ee5 kh\u00e1c. Trong qu\u00e1 tr\u00ecnh c\u00f4ng t\u00e1c, Ph\u00f2ng T\u00e0i v\u1ee5 lu\u00f4n \u0111\u1ea3m b\u1ea3o ch\u1ebf \u0111\u1ed9 thu \u2013 chi, thanh quy\u1ebft to\u00e1n \u0111\u1ea7y \u0111\u1ee7, \u0111\u00fang ch\u1ebf \u0111\u1ed9, \u0111\u00fang th\u1eddi h\u1ea1n, kh\u00f4ng l\u00e0m th\u1ea5t tho\u00e1t t\u00e0i s\u1ea3n ho\u1eb7c th\u00e2m h\u1ee5t ng\u00e2n qu\u1ef9 c\u1ee7a Tr\u01b0\u1eddng.<\/p>\n\n\n\n<p>Ph\u00f2ng T\u00e0i v\u1ee5 lu\u00f4n gi\u1eef \u0111\u01b0\u1ee3c truy\u1ec1n th\u1ed1ng \u0111o\u00e0n k\u1ebft, gi\u00fap \u0111\u1ee1 \u0111\u1ed3ng nghi\u1ec7p trong c\u00f4ng vi\u1ec7c c\u0169ng nh\u01b0 trong cu\u1ed9c s\u1ed1ng. Vi\u00ean ch\u1ee9c ph\u00f2ng T\u00e0i v\u1ee5 c\u00f3 n\u0103ng l\u1ef1c chuy\u00ean m\u00f4n, nhi\u1ec7t t\u00ecnh, c\u00f3 tinh th\u1ea7n tr\u00e1ch nhi\u1ec7m cao \u0111\u00e1p \u1ee9ng \u0111\u01b0\u1ee3c y\u00eau c\u1ea7u ng\u00e0y c\u00e0ng cao c\u1ee7a tr\u01b0\u1eddng trong th\u1ef1c hi\u1ec7n nhi\u1ec7m v\u1ee5 chuy\u00ean m\u00f4n. Ngo\u00e0i th\u1ef1c hi\u1ec7n nhi\u1ec7m v\u1ee5 chuy\u00ean m\u00f4n, vi\u00ean ch\u1ee9c ph\u00f2ng T\u00e0i v\u1ee5 t\u00edch c\u1ef1c tham gia nghi\u00ean c\u1ee9u khoa h\u1ecdc, c\u1ea3i ti\u1ebfn ph\u01b0\u01a1ng ph\u00e1p l\u00e0m vi\u1ec7c nh\u1eb1m n\u00e2ng cao k\u1ebft qu\u1ea3 c\u00f4ng t\u00e1c, g\u00f3p ph\u1ea7n c\u1ea3i c\u00e1ch th\u1ee7 t\u1ee5c h\u00e0nh ch\u00ednh.<\/p>\n\n\n\n<p>Trong qu\u00e1 tr\u00ecnh c\u00f4ng t\u00e1c, ph\u00f2ng T\u00e0i v\u1ee5 lu\u00f4n \u0111\u01b0\u1ee3c Tr\u01b0\u1eddng c\u00f4ng nh\u1eadn l\u00e0 T\u1eadp th\u1ec3 lao \u0111\u1ed9ng ti\u00ean ti\u1ebfn cu\u1ed1i m\u1ed7i n\u0103m h\u1ecdc. Trong c\u00e1c n\u0103m h\u1ecdc 2011 \u2013 2012, 2012 \u2013 2013, 2013 \u2013 2014 ph\u00f2ng T\u00e0i v\u1ee5 \u0111\u1ec1u c\u00f3 t\u1eeb 01 \u0111\u1ebfn 02 chi\u1ebfn s\u0129 thi \u0111ua c\u1ea5p c\u01a1 s\u1edf.&nbsp; N\u0103m h\u1ecdc 2012 \u2013 2013 v\u00e0 2013 \u2013 2014, ph\u00f2ng T\u00e0i v\u1ee5 \u0111\u01b0\u1ee3c B\u1ed9 tr\u01b0\u1edfng B\u1ed9 Gi\u00e1o d\u1ee5c v\u00e0 \u0111\u00e0o t\u1ea1o t\u1eb7ng Gi\u1ea5y khen T\u1eadp th\u1ec3 lao \u0111\u1ed9ng xu\u1ea5t s\u1eafc. \u0110\u1eb7c bi\u1ec7t, ph\u00f2ng T\u00e0i v\u1ee5 c\u00f2n \u0111\u01b0\u1ee3c nh\u1eadn B\u1eb1ng khen c\u1ee7a B\u1ed9 Gi\u00e1o d\u1ee5c v\u00e0 \u0110\u00e0o t\u1ea1o n\u0103m 2011, 2014, 2016; B\u1eb1ng khen c\u1ee7a \u1ee6y ban Nh\u00e2n d\u00e2n Th\u00e0nh ph\u1ed1 H\u1ed3 Ch\u00ed Minh n\u0103m 2011; B\u1eb1ng khen c\u1ee7a \u1ee6y ban D\u00e2n t\u1ed9c n\u0103m 2016.<\/p>\n\n\n\n<p>Ch\u00e0o m\u1eebng k\u1ef7 ni\u1ec7m 45 n\u0103m ng\u00e0y th\u00e0nh l\u1eadp Tr\u01b0\u1eddng, t\u1eadp th\u1ec3 vi\u00ean ch\u1ee9c ph\u00f2ng T\u00e0i v\u1ee5 quy\u1ebft t\u00e2m ph\u00e1t huy tinh th\u1ea7n \u0111o\u00e0n k\u1ebft, kh\u00f4ng ng\u1eebng n\u00e2ng cao hi\u1ec7u qu\u1ea3 c\u00f4ng t\u00e1c, ch\u1ea5t l\u01b0\u1ee3ng ph\u1ee5c v\u1ee5, g\u00f3p ph\u1ea7n v\u00e0o s\u1ef1 ph\u00e1t tri\u1ec3n chung c\u1ee7a Tr\u01b0\u1eddng.<\/p>\n\n\n\n<div class=\"wp-block-image\"><figure class=\"aligncenter size-large is-resized\"><img loading=\"lazy\" decoding=\"async\" src=\"https:\/\/hcmpreu.edu.vn\/wp-content\/uploads\/2021\/11\/IMG_8837-733x1024.png\" alt=\"\" class=\"wp-image-4342\" width=\"524\" height=\"732\" srcset=\"https:\/\/hcmpreu.edu.vn\/wp-content\/uploads\/2021\/11\/IMG_8837-733x1024.png 733w, https:\/\/hcmpreu.edu.vn\/wp-content\/uploads\/2021\/11\/IMG_8837-215x300.png 215w, https:\/\/hcmpreu.edu.vn\/wp-content\/uploads\/2021\/11\/IMG_8837-768x1073.png 768w, https:\/\/hcmpreu.edu.vn\/wp-content\/uploads\/2021\/11\/IMG_8837-1099x1536.png 1099w, https:\/\/hcmpreu.edu.vn\/wp-content\/uploads\/2021\/11\/IMG_8837-1466x2048.png 1466w, https:\/\/hcmpreu.edu.vn\/wp-content\/uploads\/2021\/11\/IMG_8837-143x200.png 143w, https:\/\/hcmpreu.edu.vn\/wp-content\/uploads\/2021\/11\/IMG_8837-107x150.png 107w\" sizes=\"auto, (max-width: 524px) 100vw, 524px\" \/><figcaption>Vi\u00ean ch\u1ee9c ph\u00f2ng T\u00e0i v\u1ee5.<\/figcaption><\/figure><\/div>\n\n\n\n<p><strong>C\u00c1N B\u1ed8 \u2013 VI\u00caN CH\u1ee8C C\u1ee6A PH\u00d2NG T\u00c0I V\u1ee4 QUA C\u00c1C TH\u1edcI K\u1ef2<\/strong><\/p>\n\n\n\n<p>Nguy\u1ec5n Th\u1ecb B\u00ednh \u2022 Nguy\u1ec5n V\u0103n \u0110\u00f4ng \u2022 Ph\u1ea1m Th\u1ecb Hi\u1ec1n\u00a0 \u2022 Tr\u1ea7n T\u1ea5t H\u00f9ng \u2022 Nguy\u1ec5n Ng\u1ecdc Lang \u2022 Phan H\u1ed3ng L\u00ea \u2022 Ph\u00f9ng Th\u1ecb Ng\u1ecdc L\u1ec7 \u2022 Nguy\u1ec5n Ng\u1ecdc Long \u2022 Phan H\u1ed3ng Mai \u2022 Nguy\u1ec5n \u0110\u00ecnh Ph\u00fac \u2022 V\u00f5 Anh Ph\u01b0\u1ee3ng \u2022 L\u00ea Th\u1ecb Sen \u2022 D\u01b0\u01a1ng Th\u1ecb Th\u1eadt \u2022 Tr\u1ea7n V\u0103n Th\u00f4ng \u2022 \u0110\u1eb7ng Th\u1ecb Th\u1ee7 \u2022 Hu\u1ef3nh Th\u1ecb Thanh Th\u1ee7y \u2022 Nguy\u1ec5n Th\u1ecb Tr\u00fac Linh \u2022 Nguy\u1ec5n Th\u1ecb Ng\u1ecdc Y\u1ebfn \u2022 Nguy\u1ec5n Th\u1ecb Ng\u1ecdc H\u1ed3ng \u2022 Nguy\u1ec5n Th\u1ecb L\u00ea \u2022 Th\u1ea1ch Th\u1ecb Tu La.<\/p>\n\n\n\n<p class=\"has-text-align-right\"><strong>PH\u00d2NG T\u00c0I V\u1ee4<\/strong><\/p>\n\n\n","protected":false},"excerpt":{"rendered":"<p>Ph\u00f2ng T\u00e0i v\u1ee5 V\u00e0o n\u0103m 1976, c\u00f9ng v\u1edbi s\u1ef1 th\u00e0nh l\u1eadp Tr\u01b0\u1eddng D\u1ef1 b\u1ecb \u0110\u1ea1i h\u1ecdc Ti\u1ec1n Giang, Ph\u00f2ng T\u00e0i v\u1ee5 c\u0169ng \u0111\u01b0\u1ee3c h\u00ecnh th\u00e0nh trong h\u1ec7 th\u1ed1ng c\u00e1c ph\u00f2ng, ban c\u1ee7a Tr\u01b0\u1eddng. L\u00fac n\u00e0y, Tr\u01b0\u1eddng c\u00f3 02 c\u01a1 s\u1edf: c\u01a1 s\u1edf I t\u1ea1i TP. HCM v\u00e0 c\u01a1 s\u1edf II t\u1ea1i t\u1ec9nh Ti\u1ec1n Giang. \u0110\u1ebfn n\u0103m 1982, Tr\u01b0\u1eddng D\u1ef1 b\u1ecb \u0110\u1ea1i h\u1ecdc Ti\u1ec1n Giang \u0111\u01b0\u1ee3c ch\u00ednh th\u1ee9c \u0111\u1ed5i t\u00ean th\u00e0nh Tr\u01b0\u1eddng D\u1ef1 b\u1ecb \u0111\u1ea1i h\u1ecdc Th\u00e0nh ph\u1ed1 H\u1ed3 Ch\u00ed Minh v\u00e0 \u0111\u1eb7t t\u1ea1i 91 Nguy\u1ec5n Ch\u00ed Thanh, Ph\u01b0\u1eddng 9, Qu\u1eadn 5, TP. H\u1ed3 Ch\u00ed Minh. Trong nh\u1eefng n\u0103m \u0111\u1ea7u, do\u2026<\/p>\n<p class=\"continue-reading-button\"> <a class=\"continue-reading-link\" href=\"https:\/\/hcmpreu.edu.vn\/?page_id=164\">\u0110\u1ecdc ti\u1ebfp<i class=\"crycon-right-dir\"><\/i><\/a><\/p>\n","protected":false},"author":3,"featured_media":0,"parent":0,"menu_order":0,"comment_status":"closed","ping_status":"closed","template":"","meta":{"_acf_changed":false,"footnotes":""},"class_list":["post-164","page","type-page","status-publish","hentry"],"acf":[],"yoast_head":"<!-- This site is optimized with the Yoast SEO plugin v27.4 - https:\/\/yoast.com\/product\/yoast-seo-wordpress\/ -->\n<title>Ph\u00f2ng T\u00e0i v\u1ee5 - TR\u01af\u1edcNG D\u1ef0 B\u1eca \u0110\u1ea0I H\u1eccC TP.HCM<\/title>\n<meta name=\"robots\" content=\"index, follow, max-snippet:-1, max-image-preview:large, max-video-preview:-1\" \/>\n<link rel=\"canonical\" href=\"https:\/\/hcmpreu.edu.vn\/?page_id=164\" \/>\n<meta property=\"og:locale\" content=\"en_US\" \/>\n<meta property=\"og:type\" content=\"article\" \/>\n<meta property=\"og:title\" content=\"Ph\u00f2ng T\u00e0i v\u1ee5 - TR\u01af\u1edcNG D\u1ef0 B\u1eca \u0110\u1ea0I H\u1eccC TP.HCM\" \/>\n<meta property=\"og:description\" content=\"Ph\u00f2ng T\u00e0i v\u1ee5 V\u00e0o n\u0103m 1976, c\u00f9ng v\u1edbi s\u1ef1 th\u00e0nh l\u1eadp Tr\u01b0\u1eddng D\u1ef1 b\u1ecb \u0110\u1ea1i h\u1ecdc Ti\u1ec1n Giang, Ph\u00f2ng T\u00e0i v\u1ee5 c\u0169ng \u0111\u01b0\u1ee3c h\u00ecnh th\u00e0nh trong h\u1ec7 th\u1ed1ng c\u00e1c ph\u00f2ng, ban c\u1ee7a Tr\u01b0\u1eddng. L\u00fac n\u00e0y, Tr\u01b0\u1eddng c\u00f3 02 c\u01a1 s\u1edf: c\u01a1 s\u1edf I t\u1ea1i TP. HCM v\u00e0 c\u01a1 s\u1edf II t\u1ea1i t\u1ec9nh Ti\u1ec1n Giang. \u0110\u1ebfn n\u0103m 1982, Tr\u01b0\u1eddng D\u1ef1 b\u1ecb \u0110\u1ea1i h\u1ecdc Ti\u1ec1n Giang \u0111\u01b0\u1ee3c ch\u00ednh th\u1ee9c \u0111\u1ed5i t\u00ean th\u00e0nh Tr\u01b0\u1eddng D\u1ef1 b\u1ecb \u0111\u1ea1i h\u1ecdc Th\u00e0nh ph\u1ed1 H\u1ed3 Ch\u00ed Minh v\u00e0 \u0111\u1eb7t t\u1ea1i 91 Nguy\u1ec5n Ch\u00ed Thanh, Ph\u01b0\u1eddng 9, Qu\u1eadn 5, TP. H\u1ed3 Ch\u00ed Minh. Trong nh\u1eefng n\u0103m \u0111\u1ea7u, do\u2026 \u0110\u1ecdc ti\u1ebfp\" \/>\n<meta property=\"og:url\" content=\"https:\/\/hcmpreu.edu.vn\/?page_id=164\" \/>\n<meta property=\"og:site_name\" content=\"TR\u01af\u1edcNG D\u1ef0 B\u1eca \u0110\u1ea0I H\u1eccC TP.HCM\" \/>\n<meta property=\"article:modified_time\" content=\"2021-11-23T08:46:42+00:00\" \/>\n<meta property=\"og:image\" content=\"https:\/\/hcmpreu.edu.vn\/wp-content\/uploads\/2020\/03\/image1-1.jpeg\" \/>\n<meta name=\"twitter:card\" content=\"summary_large_image\" \/>\n<meta name=\"twitter:label1\" content=\"Est. reading time\" \/>\n\t<meta name=\"twitter:data1\" content=\"5 minutes\" \/>\n<script type=\"application\/ld+json\" class=\"yoast-schema-graph\">{\"@context\":\"https:\\\/\\\/schema.org\",\"@graph\":[{\"@type\":\"WebPage\",\"@id\":\"https:\\\/\\\/hcmpreu.edu.vn\\\/?page_id=164\",\"url\":\"https:\\\/\\\/hcmpreu.edu.vn\\\/?page_id=164\",\"name\":\"Ph\u00f2ng T\u00e0i v\u1ee5 - TR\u01af\u1edcNG D\u1ef0 B\u1eca \u0110\u1ea0I H\u1eccC TP.HCM\",\"isPartOf\":{\"@id\":\"https:\\\/\\\/hcmpreu.edu.vn\\\/#website\"},\"primaryImageOfPage\":{\"@id\":\"https:\\\/\\\/hcmpreu.edu.vn\\\/?page_id=164#primaryimage\"},\"image\":{\"@id\":\"https:\\\/\\\/hcmpreu.edu.vn\\\/?page_id=164#primaryimage\"},\"thumbnailUrl\":\"https:\\\/\\\/hcmpreu.edu.vn\\\/wp-content\\\/uploads\\\/2020\\\/03\\\/image1-1.jpeg\",\"datePublished\":\"2017-11-08T01:38:09+00:00\",\"dateModified\":\"2021-11-23T08:46:42+00:00\",\"breadcrumb\":{\"@id\":\"https:\\\/\\\/hcmpreu.edu.vn\\\/?page_id=164#breadcrumb\"},\"inLanguage\":\"en-US\",\"potentialAction\":[{\"@type\":\"ReadAction\",\"target\":[\"https:\\\/\\\/hcmpreu.edu.vn\\\/?page_id=164\"]}]},{\"@type\":\"ImageObject\",\"inLanguage\":\"en-US\",\"@id\":\"https:\\\/\\\/hcmpreu.edu.vn\\\/?page_id=164#primaryimage\",\"url\":\"https:\\\/\\\/hcmpreu.edu.vn\\\/wp-content\\\/uploads\\\/2020\\\/03\\\/image1-1.jpeg\",\"contentUrl\":\"https:\\\/\\\/hcmpreu.edu.vn\\\/wp-content\\\/uploads\\\/2020\\\/03\\\/image1-1.jpeg\",\"width\":307,\"height\":362},{\"@type\":\"BreadcrumbList\",\"@id\":\"https:\\\/\\\/hcmpreu.edu.vn\\\/?page_id=164#breadcrumb\",\"itemListElement\":[{\"@type\":\"ListItem\",\"position\":1,\"name\":\"Home\",\"item\":\"https:\\\/\\\/hcmpreu.edu.vn\\\/\"},{\"@type\":\"ListItem\",\"position\":2,\"name\":\"Ph\u00f2ng T\u00e0i v\u1ee5\"}]},{\"@type\":\"WebSite\",\"@id\":\"https:\\\/\\\/hcmpreu.edu.vn\\\/#website\",\"url\":\"https:\\\/\\\/hcmpreu.edu.vn\\\/\",\"name\":\"TR\u01af\u1edcNG D\u1ef0 B\u1eca \u0110\u1ea0I H\u1eccC TP.HCM\",\"description\":\"Pre-University\",\"potentialAction\":[{\"@type\":\"SearchAction\",\"target\":{\"@type\":\"EntryPoint\",\"urlTemplate\":\"https:\\\/\\\/hcmpreu.edu.vn\\\/?s={search_term_string}\"},\"query-input\":{\"@type\":\"PropertyValueSpecification\",\"valueRequired\":true,\"valueName\":\"search_term_string\"}}],\"inLanguage\":\"en-US\"}]}<\/script>\n<!-- \/ Yoast SEO plugin. -->","yoast_head_json":{"title":"Ph\u00f2ng T\u00e0i v\u1ee5 - TR\u01af\u1edcNG D\u1ef0 B\u1eca \u0110\u1ea0I H\u1eccC TP.HCM","robots":{"index":"index","follow":"follow","max-snippet":"max-snippet:-1","max-image-preview":"max-image-preview:large","max-video-preview":"max-video-preview:-1"},"canonical":"https:\/\/hcmpreu.edu.vn\/?page_id=164","og_locale":"en_US","og_type":"article","og_title":"Ph\u00f2ng T\u00e0i v\u1ee5 - TR\u01af\u1edcNG D\u1ef0 B\u1eca \u0110\u1ea0I H\u1eccC TP.HCM","og_description":"Ph\u00f2ng T\u00e0i v\u1ee5 V\u00e0o n\u0103m 1976, c\u00f9ng v\u1edbi s\u1ef1 th\u00e0nh l\u1eadp Tr\u01b0\u1eddng D\u1ef1 b\u1ecb \u0110\u1ea1i h\u1ecdc Ti\u1ec1n Giang, Ph\u00f2ng T\u00e0i v\u1ee5 c\u0169ng \u0111\u01b0\u1ee3c h\u00ecnh th\u00e0nh trong h\u1ec7 th\u1ed1ng c\u00e1c ph\u00f2ng, ban c\u1ee7a Tr\u01b0\u1eddng. L\u00fac n\u00e0y, Tr\u01b0\u1eddng c\u00f3 02 c\u01a1 s\u1edf: c\u01a1 s\u1edf I t\u1ea1i TP. HCM v\u00e0 c\u01a1 s\u1edf II t\u1ea1i t\u1ec9nh Ti\u1ec1n Giang. \u0110\u1ebfn n\u0103m 1982, Tr\u01b0\u1eddng D\u1ef1 b\u1ecb \u0110\u1ea1i h\u1ecdc Ti\u1ec1n Giang \u0111\u01b0\u1ee3c ch\u00ednh th\u1ee9c \u0111\u1ed5i t\u00ean th\u00e0nh Tr\u01b0\u1eddng D\u1ef1 b\u1ecb \u0111\u1ea1i h\u1ecdc Th\u00e0nh ph\u1ed1 H\u1ed3 Ch\u00ed Minh v\u00e0 \u0111\u1eb7t t\u1ea1i 91 Nguy\u1ec5n Ch\u00ed Thanh, Ph\u01b0\u1eddng 9, Qu\u1eadn 5, TP. H\u1ed3 Ch\u00ed Minh. Trong nh\u1eefng n\u0103m \u0111\u1ea7u, do\u2026 \u0110\u1ecdc ti\u1ebfp","og_url":"https:\/\/hcmpreu.edu.vn\/?page_id=164","og_site_name":"TR\u01af\u1edcNG D\u1ef0 B\u1eca \u0110\u1ea0I H\u1eccC TP.HCM","article_modified_time":"2021-11-23T08:46:42+00:00","og_image":[{"url":"https:\/\/hcmpreu.edu.vn\/wp-content\/uploads\/2020\/03\/image1-1.jpeg","type":"","width":"","height":""}],"twitter_card":"summary_large_image","twitter_misc":{"Est. reading time":"5 minutes"},"schema":{"@context":"https:\/\/schema.org","@graph":[{"@type":"WebPage","@id":"https:\/\/hcmpreu.edu.vn\/?page_id=164","url":"https:\/\/hcmpreu.edu.vn\/?page_id=164","name":"Ph\u00f2ng T\u00e0i v\u1ee5 - TR\u01af\u1edcNG D\u1ef0 B\u1eca \u0110\u1ea0I H\u1eccC TP.HCM","isPartOf":{"@id":"https:\/\/hcmpreu.edu.vn\/#website"},"primaryImageOfPage":{"@id":"https:\/\/hcmpreu.edu.vn\/?page_id=164#primaryimage"},"image":{"@id":"https:\/\/hcmpreu.edu.vn\/?page_id=164#primaryimage"},"thumbnailUrl":"https:\/\/hcmpreu.edu.vn\/wp-content\/uploads\/2020\/03\/image1-1.jpeg","datePublished":"2017-11-08T01:38:09+00:00","dateModified":"2021-11-23T08:46:42+00:00","breadcrumb":{"@id":"https:\/\/hcmpreu.edu.vn\/?page_id=164#breadcrumb"},"inLanguage":"en-US","potentialAction":[{"@type":"ReadAction","target":["https:\/\/hcmpreu.edu.vn\/?page_id=164"]}]},{"@type":"ImageObject","inLanguage":"en-US","@id":"https:\/\/hcmpreu.edu.vn\/?page_id=164#primaryimage","url":"https:\/\/hcmpreu.edu.vn\/wp-content\/uploads\/2020\/03\/image1-1.jpeg","contentUrl":"https:\/\/hcmpreu.edu.vn\/wp-content\/uploads\/2020\/03\/image1-1.jpeg","width":307,"height":362},{"@type":"BreadcrumbList","@id":"https:\/\/hcmpreu.edu.vn\/?page_id=164#breadcrumb","itemListElement":[{"@type":"ListItem","position":1,"name":"Home","item":"https:\/\/hcmpreu.edu.vn\/"},{"@type":"ListItem","position":2,"name":"Ph\u00f2ng T\u00e0i v\u1ee5"}]},{"@type":"WebSite","@id":"https:\/\/hcmpreu.edu.vn\/#website","url":"https:\/\/hcmpreu.edu.vn\/","name":"TR\u01af\u1edcNG D\u1ef0 B\u1eca \u0110\u1ea0I H\u1eccC TP.HCM","description":"Pre-University","potentialAction":[{"@type":"SearchAction","target":{"@type":"EntryPoint","urlTemplate":"https:\/\/hcmpreu.edu.vn\/?s={search_term_string}"},"query-input":{"@type":"PropertyValueSpecification","valueRequired":true,"valueName":"search_term_string"}}],"inLanguage":"en-US"}]}},"rttpg_featured_image_url":null,"rttpg_author":{"display_name":"Tr\u00ecnh Nguy\u1ec5n","author_link":"https:\/\/hcmpreu.edu.vn\/?author=3"},"rttpg_comment":0,"rttpg_category":null,"rttpg_excerpt":"Ph\u00f2ng T\u00e0i v\u1ee5 V\u00e0o n\u0103m 1976, c\u00f9ng v\u1edbi s\u1ef1 th\u00e0nh l\u1eadp Tr\u01b0\u1eddng D\u1ef1 b\u1ecb \u0110\u1ea1i h\u1ecdc Ti\u1ec1n Giang, Ph\u00f2ng T\u00e0i v\u1ee5 c\u0169ng \u0111\u01b0\u1ee3c h\u00ecnh th\u00e0nh trong h\u1ec7 th\u1ed1ng c\u00e1c ph\u00f2ng, ban c\u1ee7a Tr\u01b0\u1eddng. L\u00fac n\u00e0y, Tr\u01b0\u1eddng c\u00f3 02 c\u01a1 s\u1edf: c\u01a1 s\u1edf I t\u1ea1i TP. HCM v\u00e0 c\u01a1 s\u1edf II t\u1ea1i t\u1ec9nh Ti\u1ec1n Giang. \u0110\u1ebfn&hellip;","_links":{"self":[{"href":"https:\/\/hcmpreu.edu.vn\/index.php?rest_route=\/wp\/v2\/pages\/164","targetHints":{"allow":["GET"]}}],"collection":[{"href":"https:\/\/hcmpreu.edu.vn\/index.php?rest_route=\/wp\/v2\/pages"}],"about":[{"href":"https:\/\/hcmpreu.edu.vn\/index.php?rest_route=\/wp\/v2\/types\/page"}],"author":[{"embeddable":true,"href":"https:\/\/hcmpreu.edu.vn\/index.php?rest_route=\/wp\/v2\/users\/3"}],"replies":[{"embeddable":true,"href":"https:\/\/hcmpreu.edu.vn\/index.php?rest_route=%2Fwp%2Fv2%2Fcomments&post=164"}],"version-history":[{"count":13,"href":"https:\/\/hcmpreu.edu.vn\/index.php?rest_route=\/wp\/v2\/pages\/164\/revisions"}],"predecessor-version":[{"id":4348,"href":"https:\/\/hcmpreu.edu.vn\/index.php?rest_route=\/wp\/v2\/pages\/164\/revisions\/4348"}],"wp:attachment":[{"href":"https:\/\/hcmpreu.edu.vn\/index.php?rest_route=%2Fwp%2Fv2%2Fmedia&parent=164"}],"curies":[{"name":"wp","href":"https:\/\/api.w.org\/{rel}","templated":true}]}}